{"id":1590,"date":"2024-11-22T23:41:08","date_gmt":"2024-11-22T22:41:08","guid":{"rendered":"https:\/\/nein-zur-bezahlkarte.de\/actions-en-justice-contre-la-carte-de-paiement\/"},"modified":"2025-02-04T09:39:15","modified_gmt":"2025-02-04T08:39:15","slug":"actions-en-justice-contre-la-carte-de-paiement","status":"publish","type":"page","link":"https:\/\/nein-zur-bezahlkarte.de\/fr\/actions-en-justice-contre-la-carte-de-paiement\/","title":{"rendered":"Actions en justice contre la carte de paiement"},"content":{"rendered":"\n<p class=\"has-large-font-size\">Pro Asyl et l&rsquo;Association pour les droits de la libert\u00e9 m\u00e8nent d\u00e9j\u00e0 des actions en justice exemplaires contre la carte de paiement. Les premiers jugements ont d\u00e9j\u00e0 \u00e9t\u00e9 rendus. <\/p>\n\n<p class=\"has-large-font-size\">Dans votre cas \u00e9galement, il est peut-\u00eatre judicieux d&rsquo;intenter une action en justice contre la carte de paiement.<br\/><\/p>\n\n<p><\/p>\n\n<p class=\"has-accent-1-background-color has-background has-large-font-size\" style=\"border-style:none;border-width:0px;margin-top:0;margin-right:0;margin-bottom:0;margin-left:0\"><strong>Pourquoi porter plainte contre la carte de paiement ?  <\/strong><\/p>\n\n<p class=\"has-large-font-size\">\u00c9tant donn\u00e9 que la carte de paiement limite la libert\u00e9 et l&rsquo;autod\u00e9termination, sa mise en \u0153uvre stricte viole le <strong>droit fondamental de vivre dans la dignit\u00e9<\/strong>.<\/p>\n\n<p class=\"has-large-font-size\">Ce droit fondamental s&rsquo;applique \u00e0 toutes les personnes vivant en Allemagne. Peu importe d&rsquo;o\u00f9 ils viennent, quelle est leur nationalit\u00e9 ou leur statut de s\u00e9jour. Ce droit fondamental est inscrit dans la Loi fondamentale :  <\/p>\n\n<ul class=\"wp-block-list\">\n<li class=\"has-large-font-size\">La dignit\u00e9 humaine est inviolable (article 1, paragraphe 1).<\/li>\n\n\n\n<li class=\"has-large-font-size\">L&rsquo;Allemagne est un \u00c9tat social et doit prendre soin de ses citoyens (article 20, paragraphe 1).<\/li>\n<\/ul>\n\n<p class=\"has-large-font-size\">En outre, la carte de paiement d\u00e9savantage les personnes et enfreint le <strong>droit \u00e0 l&rsquo;\u00e9galit\u00e9<\/strong> (article 3, paragraphe 1 de la Loi fondamentale).<\/p>\n\n<p class=\"has-large-font-size\"><\/p>\n\n<p class=\"has-large-font-size\" style=\"border-style:none;border-width:0px;padding-top:var(--wp--preset--spacing--20);padding-right:var(--wp--preset--spacing--30);padding-bottom:var(--wp--preset--spacing--20);padding-left:var(--wp--preset--spacing--30)\"><strong>Vous trouverez ici un aper\u00e7u des proc\u00e9dures pr\u00e9c\u00e9dentes :<\/strong> <br\/><a href=\"https:\/\/freiheitsrechte.org\/themen\/gleiche-rechte-und-soziale-teilhabe\/bezahlkarte\"><br\/>https:\/\/freiheitsrechte.org\/themen\/gleiche-rechte-und-soziale-teilhabe\/bezahlkarte<\/a><\/p>\n\n<p class=\"has-large-font-size\"><\/p>\n\n<h3 class=\"wp-block-heading has-accent-1-background-color has-background\"><strong>Quand pouvez-vous porter plainte ?<\/strong><\/h3>\n\n<p class=\"has-large-font-size\">Par exemple, vous pouvez intenter une action en justice contre la carte de paiement si :<\/p>\n\n<ul class=\"wp-block-list\">\n<li class=\"has-large-font-size\">les 50 \u20ac ou 25 \u20ac en esp\u00e8ces que vous recevez ne suffisent pas parce que vous avez des besoins particuliers et que les services sociaux ne vous donnent pas d&rsquo;argent liquide suppl\u00e9mentaire ;<\/li>\n\n\n\n<li class=\"has-large-font-size\">vous avez d\u00fb fournir des informations priv\u00e9es aux services sociaux pour effectuer des virements - cela peut constituer une violation de la protection des donn\u00e9es ;<\/li>\n\n\n\n<li class=\"has-large-font-size\">vous avez d\u00fb fournir des informations sur vos avocats pour effectuer des virements - cela peut violer le secret professionnel entre vous et vos avocats.<\/li>\n<\/ul>\n\n<p><\/p>\n\n<h3 class=\"wp-block-heading has-accent-1-background-color has-background\"><strong>Comment pouvez-vous porter plainte ?<\/strong><\/h3>\n\n<p class=\"has-large-font-size\">Si vous souhaitez vous aussi vous opposer \u00e0 la carte de paiement, cherchez de l&rsquo;aide aupr\u00e8s d&rsquo;un <a href=\"https:\/\/www.fluechtlingsrat-brandenburg.de\/adressen\/\">centre de conseil<\/a> pr\u00e8s de chez vous. Vous pouvez \u00e9galement envoyer un e-mail au Fl\u00fcchtlingsrat Brandenburg : info[at]fluechtlingsrat-brandenburg.de <\/p>\n\n<p><\/p>\n\n<p><\/p>\n","protected":false},"excerpt":{"rendered":"<p>Pro Asyl et l&rsquo;Association pour les droits de la libert\u00e9 m\u00e8nent d\u00e9j\u00e0 des actions en justice exemplaires contre la carte de paiement. Les premiers jugements ont d\u00e9j\u00e0 \u00e9t\u00e9 rendus. Dans votre cas \u00e9galement, il est peut-\u00eatre judicieux d&rsquo;intenter une action en justice contre la carte de paiement. Pourquoi porter plainte contre la carte de paiement [&hellip;]<\/p>\n","protected":false},"author":3,"featured_media":0,"parent":0,"menu_order":0,"comment_status":"closed","ping_status":"closed","template":"","meta":{"footnotes":""},"class_list":["post-1590","page","type-page","status-publish","hentry"],"yoast_head":"<!-- This site is optimized with the Yoast SEO plugin v26.4 - https:\/\/yoast.com\/wordpress\/plugins\/seo\/ -->\n<title>Actions en justice contre la carte de paiement - Wir sagen Nein zur Bezahlkarte<\/title>\n<meta name=\"robots\" content=\"index, follow, max-snippet:-1, max-image-preview:large, max-video-preview:-1\" \/>\n<link rel=\"canonical\" href=\"https:\/\/nein-zur-bezahlkarte.de\/fr\/actions-en-justice-contre-la-carte-de-paiement\/\" \/>\n<meta property=\"og:locale\" content=\"fr_FR\" \/>\n<meta property=\"og:type\" content=\"article\" \/>\n<meta property=\"og:title\" content=\"Actions en justice contre la carte de paiement - Wir sagen Nein zur Bezahlkarte\" \/>\n<meta property=\"og:description\" content=\"Pro Asyl et l&rsquo;Association pour les droits de la libert\u00e9 m\u00e8nent d\u00e9j\u00e0 des actions en justice exemplaires contre la carte de paiement. Les premiers jugements ont d\u00e9j\u00e0 \u00e9t\u00e9 rendus. Dans votre cas \u00e9galement, il est peut-\u00eatre judicieux d&rsquo;intenter une action en justice contre la carte de paiement. Pourquoi porter plainte contre la carte de paiement [&hellip;]\" \/>\n<meta property=\"og:url\" content=\"https:\/\/nein-zur-bezahlkarte.de\/fr\/actions-en-justice-contre-la-carte-de-paiement\/\" \/>\n<meta property=\"og:site_name\" content=\"Wir sagen Nein zur Bezahlkarte\" \/>\n<meta property=\"article:modified_time\" content=\"2025-02-04T08:39:15+00:00\" \/>\n<meta name=\"twitter:card\" content=\"summary_large_image\" \/>\n<meta name=\"twitter:label1\" content=\"Dur\u00e9e de lecture estim\u00e9e\" \/>\n\t<meta name=\"twitter:data1\" content=\"2 minutes\" \/>\n<script type=\"application\/ld+json\" class=\"yoast-schema-graph\">{\"@context\":\"https:\/\/schema.org\",\"@graph\":[{\"@type\":\"WebPage\",\"@id\":\"https:\/\/nein-zur-bezahlkarte.de\/fr\/actions-en-justice-contre-la-carte-de-paiement\/\",\"url\":\"https:\/\/nein-zur-bezahlkarte.de\/fr\/actions-en-justice-contre-la-carte-de-paiement\/\",\"name\":\"Actions en justice contre la carte de paiement - Wir sagen Nein zur Bezahlkarte\",\"isPartOf\":{\"@id\":\"https:\/\/nein-zur-bezahlkarte.de\/fr\/#website\"},\"datePublished\":\"2024-11-22T22:41:08+00:00\",\"dateModified\":\"2025-02-04T08:39:15+00:00\",\"breadcrumb\":{\"@id\":\"https:\/\/nein-zur-bezahlkarte.de\/fr\/actions-en-justice-contre-la-carte-de-paiement\/#breadcrumb\"},\"inLanguage\":\"fr-FR\",\"potentialAction\":[{\"@type\":\"ReadAction\",\"target\":[\"https:\/\/nein-zur-bezahlkarte.de\/fr\/actions-en-justice-contre-la-carte-de-paiement\/\"]}]},{\"@type\":\"BreadcrumbList\",\"@id\":\"https:\/\/nein-zur-bezahlkarte.de\/fr\/actions-en-justice-contre-la-carte-de-paiement\/#breadcrumb\",\"itemListElement\":[{\"@type\":\"ListItem\",\"position\":1,\"name\":\"Startseite\",\"item\":\"https:\/\/nein-zur-bezahlkarte.de\/fr\/\"},{\"@type\":\"ListItem\",\"position\":2,\"name\":\"Actions en justice contre la carte de paiement\"}]},{\"@type\":\"WebSite\",\"@id\":\"https:\/\/nein-zur-bezahlkarte.de\/fr\/#website\",\"url\":\"https:\/\/nein-zur-bezahlkarte.de\/fr\/\",\"name\":\"Wir sagen Nein zur Bezahlkarte\",\"description\":\"Impressum\",\"publisher\":{\"@id\":\"https:\/\/nein-zur-bezahlkarte.de\/fr\/#organization\"},\"potentialAction\":[{\"@type\":\"SearchAction\",\"target\":{\"@type\":\"EntryPoint\",\"urlTemplate\":\"https:\/\/nein-zur-bezahlkarte.de\/fr\/?s={search_term_string}\"},\"query-input\":{\"@type\":\"PropertyValueSpecification\",\"valueRequired\":true,\"valueName\":\"search_term_string\"}}],\"inLanguage\":\"fr-FR\"},{\"@type\":\"Organization\",\"@id\":\"https:\/\/nein-zur-bezahlkarte.de\/fr\/#organization\",\"name\":\"Wir sagen Nein zur Bezahlkarte\",\"url\":\"https:\/\/nein-zur-bezahlkarte.de\/fr\/\",\"logo\":{\"@type\":\"ImageObject\",\"inLanguage\":\"fr-FR\",\"@id\":\"https:\/\/nein-zur-bezahlkarte.de\/fr\/#\/schema\/logo\/image\/\",\"url\":\"https:\/\/nein-zur-bezahlkarte.de\/wp-content\/uploads\/2024\/11\/BZHLKRT_Logo_Vektoren_BRNDNBRG_Gelb.png\",\"contentUrl\":\"https:\/\/nein-zur-bezahlkarte.de\/wp-content\/uploads\/2024\/11\/BZHLKRT_Logo_Vektoren_BRNDNBRG_Gelb.png\",\"width\":5000,\"height\":5000,\"caption\":\"Wir sagen Nein zur Bezahlkarte\"},\"image\":{\"@id\":\"https:\/\/nein-zur-bezahlkarte.de\/fr\/#\/schema\/logo\/image\/\"}}]}<\/script>\n<!-- \/ Yoast SEO plugin. -->","yoast_head_json":{"title":"Actions en justice contre la carte de paiement - Wir sagen Nein zur Bezahlkarte","robots":{"index":"index","follow":"follow","max-snippet":"max-snippet:-1","max-image-preview":"max-image-preview:large","max-video-preview":"max-video-preview:-1"},"canonical":"https:\/\/nein-zur-bezahlkarte.de\/fr\/actions-en-justice-contre-la-carte-de-paiement\/","og_locale":"fr_FR","og_type":"article","og_title":"Actions en justice contre la carte de paiement - Wir sagen Nein zur Bezahlkarte","og_description":"Pro Asyl et l&rsquo;Association pour les droits de la libert\u00e9 m\u00e8nent d\u00e9j\u00e0 des actions en justice exemplaires contre la carte de paiement. Les premiers jugements ont d\u00e9j\u00e0 \u00e9t\u00e9 rendus. Dans votre cas \u00e9galement, il est peut-\u00eatre judicieux d&rsquo;intenter une action en justice contre la carte de paiement. Pourquoi porter plainte contre la carte de paiement [&hellip;]","og_url":"https:\/\/nein-zur-bezahlkarte.de\/fr\/actions-en-justice-contre-la-carte-de-paiement\/","og_site_name":"Wir sagen Nein zur Bezahlkarte","article_modified_time":"2025-02-04T08:39:15+00:00","twitter_card":"summary_large_image","twitter_misc":{"Dur\u00e9e de lecture estim\u00e9e":"2 minutes"},"schema":{"@context":"https:\/\/schema.org","@graph":[{"@type":"WebPage","@id":"https:\/\/nein-zur-bezahlkarte.de\/fr\/actions-en-justice-contre-la-carte-de-paiement\/","url":"https:\/\/nein-zur-bezahlkarte.de\/fr\/actions-en-justice-contre-la-carte-de-paiement\/","name":"Actions en justice contre la carte de paiement - Wir sagen Nein zur Bezahlkarte","isPartOf":{"@id":"https:\/\/nein-zur-bezahlkarte.de\/fr\/#website"},"datePublished":"2024-11-22T22:41:08+00:00","dateModified":"2025-02-04T08:39:15+00:00","breadcrumb":{"@id":"https:\/\/nein-zur-bezahlkarte.de\/fr\/actions-en-justice-contre-la-carte-de-paiement\/#breadcrumb"},"inLanguage":"fr-FR","potentialAction":[{"@type":"ReadAction","target":["https:\/\/nein-zur-bezahlkarte.de\/fr\/actions-en-justice-contre-la-carte-de-paiement\/"]}]},{"@type":"BreadcrumbList","@id":"https:\/\/nein-zur-bezahlkarte.de\/fr\/actions-en-justice-contre-la-carte-de-paiement\/#breadcrumb","itemListElement":[{"@type":"ListItem","position":1,"name":"Startseite","item":"https:\/\/nein-zur-bezahlkarte.de\/fr\/"},{"@type":"ListItem","position":2,"name":"Actions en justice contre la carte de paiement"}]},{"@type":"WebSite","@id":"https:\/\/nein-zur-bezahlkarte.de\/fr\/#website","url":"https:\/\/nein-zur-bezahlkarte.de\/fr\/","name":"Wir sagen Nein zur Bezahlkarte","description":"Impressum","publisher":{"@id":"https:\/\/nein-zur-bezahlkarte.de\/fr\/#organization"},"potentialAction":[{"@type":"SearchAction","target":{"@type":"EntryPoint","urlTemplate":"https:\/\/nein-zur-bezahlkarte.de\/fr\/?s={search_term_string}"},"query-input":{"@type":"PropertyValueSpecification","valueRequired":true,"valueName":"search_term_string"}}],"inLanguage":"fr-FR"},{"@type":"Organization","@id":"https:\/\/nein-zur-bezahlkarte.de\/fr\/#organization","name":"Wir sagen Nein zur Bezahlkarte","url":"https:\/\/nein-zur-bezahlkarte.de\/fr\/","logo":{"@type":"ImageObject","inLanguage":"fr-FR","@id":"https:\/\/nein-zur-bezahlkarte.de\/fr\/#\/schema\/logo\/image\/","url":"https:\/\/nein-zur-bezahlkarte.de\/wp-content\/uploads\/2024\/11\/BZHLKRT_Logo_Vektoren_BRNDNBRG_Gelb.png","contentUrl":"https:\/\/nein-zur-bezahlkarte.de\/wp-content\/uploads\/2024\/11\/BZHLKRT_Logo_Vektoren_BRNDNBRG_Gelb.png","width":5000,"height":5000,"caption":"Wir sagen Nein zur Bezahlkarte"},"image":{"@id":"https:\/\/nein-zur-bezahlkarte.de\/fr\/#\/schema\/logo\/image\/"}}]}},"_links":{"self":[{"href":"https:\/\/nein-zur-bezahlkarte.de\/fr\/wp-json\/wp\/v2\/pages\/1590","targetHints":{"allow":["GET"]}}],"collection":[{"href":"https:\/\/nein-zur-bezahlkarte.de\/fr\/wp-json\/wp\/v2\/pages"}],"about":[{"href":"https:\/\/nein-zur-bezahlkarte.de\/fr\/wp-json\/wp\/v2\/types\/page"}],"author":[{"embeddable":true,"href":"https:\/\/nein-zur-bezahlkarte.de\/fr\/wp-json\/wp\/v2\/users\/3"}],"replies":[{"embeddable":true,"href":"https:\/\/nein-zur-bezahlkarte.de\/fr\/wp-json\/wp\/v2\/comments?post=1590"}],"version-history":[{"count":1,"href":"https:\/\/nein-zur-bezahlkarte.de\/fr\/wp-json\/wp\/v2\/pages\/1590\/revisions"}],"predecessor-version":[{"id":1591,"href":"https:\/\/nein-zur-bezahlkarte.de\/fr\/wp-json\/wp\/v2\/pages\/1590\/revisions\/1591"}],"wp:attachment":[{"href":"https:\/\/nein-zur-bezahlkarte.de\/fr\/wp-json\/wp\/v2\/media?parent=1590"}],"curies":[{"name":"wp","href":"https:\/\/api.w.org\/{rel}","templated":true}]}}

<p class="has-large-font-size">Pro Asyl et l&rsquo;Association pour les droits de la liberté mènent déjà des actions en justice exemplaires contre la carte de paiement. Les premiers jugements ont déjà été rendus. </p>

<p class="has-large-font-size">Dans votre cas également, il est peut-être judicieux d&rsquo;intenter une action en justice contre la carte de paiement.<br/></p>

<p></p>

<p class="has-accent-1-background-color has-background has-large-font-size" style="border-style:none;border-width:0px;margin-top:0;margin-right:0;margin-bottom:0;margin-left:0"><strong>Pourquoi porter plainte contre la carte de paiement ?  </strong></p>

<p class="has-large-font-size">Étant donné que la carte de paiement limite la liberté et l&rsquo;autodétermination, sa mise en œuvre stricte viole le <strong>droit fondamental de vivre dans la dignité</strong>.</p>

<p class="has-large-font-size">Ce droit fondamental s&rsquo;applique à toutes les personnes vivant en Allemagne. Peu importe d&rsquo;où ils viennent, quelle est leur nationalité ou leur statut de séjour. Ce droit fondamental est inscrit dans la Loi fondamentale :  </p>

<ul class="wp-block-list">
<li class="has-large-font-size">La dignité humaine est inviolable (article 1, paragraphe 1).</li>



<li class="has-large-font-size">L&rsquo;Allemagne est un État social et doit prendre soin de ses citoyens (article 20, paragraphe 1).</li>
</ul>

<p class="has-large-font-size">En outre, la carte de paiement désavantage les personnes et enfreint le <strong>droit à l&rsquo;égalité</strong> (article 3, paragraphe 1 de la Loi fondamentale).</p>

<p class="has-large-font-size"></p>

<p class="has-large-font-size" style="border-style:none;border-width:0px;padding-top:var(--wp--preset--spacing--20);padding-right:var(--wp--preset--spacing--30);padding-bottom:var(--wp--preset--spacing--20);padding-left:var(--wp--preset--spacing--30)"><strong>Vous trouverez ici un aperçu des procédures précédentes :</strong> <br/><a href="https://freiheitsrechte.org/themen/gleiche-rechte-und-soziale-teilhabe/bezahlkarte"><br/>https://freiheitsrechte.org/themen/gleiche-rechte-und-soziale-teilhabe/bezahlkarte</a></p>

<p class="has-large-font-size"></p>

<h3 class="wp-block-heading has-accent-1-background-color has-background"><strong>Quand pouvez-vous porter plainte ?</strong></h3>

<p class="has-large-font-size">Par exemple, vous pouvez intenter une action en justice contre la carte de paiement si :</p>

<ul class="wp-block-list">
<li class="has-large-font-size">les 50 € ou 25 € en espèces que vous recevez ne suffisent pas parce que vous avez des besoins particuliers et que les services sociaux ne vous donnent pas d&rsquo;argent liquide supplémentaire ;</li>



<li class="has-large-font-size">vous avez dû fournir des informations privées aux services sociaux pour effectuer des virements - cela peut constituer une violation de la protection des données ;</li>



<li class="has-large-font-size">vous avez dû fournir des informations sur vos avocats pour effectuer des virements - cela peut violer le secret professionnel entre vous et vos avocats.</li>
</ul>

<p></p>

<h3 class="wp-block-heading has-accent-1-background-color has-background"><strong>Comment pouvez-vous porter plainte ?</strong></h3>

<p class="has-large-font-size">Si vous souhaitez vous aussi vous opposer à la carte de paiement, cherchez de l&rsquo;aide auprès d&rsquo;un <a href="https://www.fluechtlingsrat-brandenburg.de/adressen/">centre de conseil</a> près de chez vous. Vous pouvez également envoyer un e-mail au Flüchtlingsrat Brandenburg : info[at]fluechtlingsrat-brandenburg.de </p>

<p></p>

<p></p>

<p>Pro Asyl et l&rsquo;Association pour les droits de la liberté mènent déjà des actions en justice exemplaires contre la carte de paiement. Les premiers jugements ont déjà été rendus. Dans votre cas également, il est peut-être judicieux d&rsquo;intenter une action en justice contre la carte de paiement. Pourquoi porter plainte contre la carte de paiement [&hellip;]</p>

<!-- This site is optimized with the Yoast SEO plugin v26.4 - https://yoast.com/wordpress/plugins/seo/ -->
<title>Actions en justice contre la carte de paiement - Wir sagen Nein zur Bezahlkarte</title>
<meta name="robots" content="index, follow, max-snippet:-1, max-image-preview:large, max-video-preview:-1" />
<link rel="canonical" href="https://nein-zur-bezahlkarte.de/fr/actions-en-justice-contre-la-carte-de-paiement/" />
<meta property="og:locale" content="fr_FR" />
<meta property="og:type" content="article" />
<meta property="og:title" content="Actions en justice contre la carte de paiement - Wir sagen Nein zur Bezahlkarte" />
<meta property="og:description" content="Pro Asyl et l&rsquo;Association pour les droits de la liberté mènent déjà des actions en justice exemplaires contre la carte de paiement. Les premiers jugements ont déjà été rendus. Dans votre cas également, il est peut-être judicieux d&rsquo;intenter une action en justice contre la carte de paiement. Pourquoi porter plainte contre la carte de paiement [&hellip;]" />
<meta property="og:url" content="https://nein-zur-bezahlkarte.de/fr/actions-en-justice-contre-la-carte-de-paiement/" />
<meta property="og:site_name" content="Wir sagen Nein zur Bezahlkarte" />
<meta property="article:modified_time" content="2025-02-04T08:39:15+00:00" />
<meta name="twitter:card" content="summary_large_image" />
<meta name="twitter:label1" content="Durée de lecture estimée" />
	<meta name="twitter:data1" content="2 minutes" />
<script type="application/ld+json" class="yoast-schema-graph">{"@context":"https://schema.org","@graph":[{"@type":"WebPage","@id":"https://nein-zur-bezahlkarte.de/fr/actions-en-justice-contre-la-carte-de-paiement/","url":"https://nein-zur-bezahlkarte.de/fr/actions-en-justice-contre-la-carte-de-paiement/","name":"Actions en justice contre la carte de paiement - Wir sagen Nein zur Bezahlkarte","isPartOf":{"@id":"https://nein-zur-bezahlkarte.de/fr/#website"},"datePublished":"2024-11-22T22:41:08+00:00","dateModified":"2025-02-04T08:39:15+00:00","breadcrumb":{"@id":"https://nein-zur-bezahlkarte.de/fr/actions-en-justice-contre-la-carte-de-paiement/#breadcrumb"},"inLanguage":"fr-FR","potentialAction":[{"@type":"ReadAction","target":["https://nein-zur-bezahlkarte.de/fr/actions-en-justice-contre-la-carte-de-paiement/"]}]},{"@type":"BreadcrumbList","@id":"https://nein-zur-bezahlkarte.de/fr/actions-en-justice-contre-la-carte-de-paiement/#breadcrumb","itemListElement":[{"@type":"ListItem","position":1,"name":"Startseite","item":"https://nein-zur-bezahlkarte.de/fr/"},{"@type":"ListItem","position":2,"name":"Actions en justice contre la carte de paiement"}]},{"@type":"WebSite","@id":"https://nein-zur-bezahlkarte.de/fr/#website","url":"https://nein-zur-bezahlkarte.de/fr/","name":"Wir sagen Nein zur Bezahlkarte","description":"Impressum","publisher":{"@id":"https://nein-zur-bezahlkarte.de/fr/#organization"},"potentialAction":[{"@type":"SearchAction","target":{"@type":"EntryPoint","urlTemplate":"https://nein-zur-bezahlkarte.de/fr/?s={search_term_string}"},"query-input":{"@type":"PropertyValueSpecification","valueRequired":true,"valueName":"search_term_string"}}],"inLanguage":"fr-FR"},{"@type":"Organization","@id":"https://nein-zur-bezahlkarte.de/fr/#organization","name":"Wir sagen Nein zur Bezahlkarte","url":"https://nein-zur-bezahlkarte.de/fr/","logo":{"@type":"ImageObject","inLanguage":"fr-FR","@id":"https://nein-zur-bezahlkarte.de/fr/#/schema/logo/image/","url":"https://nein-zur-bezahlkarte.de/wp-content/uploads/2024/11/BZHLKRT_Logo_Vektoren_BRNDNBRG_Gelb.png","contentUrl":"https://nein-zur-bezahlkarte.de/wp-content/uploads/2024/11/BZHLKRT_Logo_Vektoren_BRNDNBRG_Gelb.png","width":5000,"height":5000,"caption":"Wir sagen Nein zur Bezahlkarte"},"image":{"@id":"https://nein-zur-bezahlkarte.de/fr/#/schema/logo/image/"}}]}</script>
<!-- / Yoast SEO plugin. -->

Pro Asyl et l&rsquo;Association pour les droits de la liberté mènent déjà des actions en justice exemplaires contre la carte de paiement. Les premiers jugements ont déjà été rendus. Dans votre cas également, il est peut-être judicieux d&rsquo;intenter une action en justice contre la carte de paiement. Pourquoi porter plainte contre la carte de paiement [&hellip;]
